{"id":295,"date":"2018-04-08T16:58:29","date_gmt":"2018-04-08T16:58:29","guid":{"rendered":"http:\/\/km.com.hr\/?page_id=295"},"modified":"2020-05-19T16:07:43","modified_gmt":"2020-05-19T16:07:43","slug":"informaticka-tehnologija-u-kineziologiji","status":"publish","type":"page","link":"https:\/\/km.com.hr\/?page_id=295","title":{"rendered":"Informati\u010dka tehnologija u kineziologiji"},"content":{"rendered":"\n<p>Predmet u okivru kojeg se studente upoznaje sa aktualnim stanjem i dosezima ra\u010dunalne tehnologije u kineziologiji.<\/p>\n\n\n<hr \/>\n<h2><span style=\"color: #000000;\">O predmetu<\/span><\/h2>\n<ul>\n<li><span style=\"color: #000000;\">godina studija: 3. godina<\/span><\/li>\n<li><span style=\"color: #000000;\">semestar: 5. semestar<\/span><\/li>\n<li><span style=\"color: #000000;\">broj sati aktivne nastave: 30<\/span><\/li>\n<li><span style=\"color: #000000;\">broj ECTS bodova: 2<\/span><\/li>\n<\/ul>\n<hr \/>\n<h2><span style=\"color: #000000;\">O nastavnicima<\/span><\/h2>\n<p><span style=\"color: #000000;\"><strong>prof. dr. sc. Dra\u017ean Dizdar, nositelj predmeta<\/strong><\/span><\/p>\n<ul>\n<li><span style=\"color: #000000;\">soba: 131<\/span><\/li>\n<li><span style=\"color: #000000;\">tel: 01\/3658-731<\/span><\/li>\n<li><span style=\"color: #000000;\">e-mail: drazan.dizdar@kif.hr<\/span><\/li>\n<li><span style=\"color: #000000;\">konzultacije: utorkom od 9:00 do 10:30<\/span><\/li>\n<\/ul>\n<p><span style=\"color: #000000;\"><strong>doc. dr. sc. Darko Katovi\u0107, nastavnik<\/strong><\/span><\/p>\n<ul>\n<li><span style=\"color: #000000;\">soba: 132<\/span><\/li>\n<li><span style=\"color: #000000;\">tel: 01\/3658-732<\/span><\/li>\n<li><span style=\"color: #000000;\">e-mail: darko@kif.hr<\/span><\/li>\n<li><span style=\"color: #000000;\">konzultacije: petkom od 10:00 do 11:30<\/span><\/li>\n<\/ul>\n<hr \/>\n<h2><span style=\"color: #000000;\">Literatura<\/span><\/h2>\n<ul>\n<li><span style=\"color: #000000;\">Dabnichki, P., Baca, A. (2008). Computers in Sport. WIT Press.<\/span><\/li>\n<li><span style=\"color: #000000;\">Online baze podataka relevantnih tekstova iz odabranog podru\u010dja &#8211; slobodan pristup<\/span><\/li>\n<\/ul>\n<hr \/>\n<h2><span style=\"color: #000000;\">Ciljevi predmeta<\/span><\/h2>\n<p><span style=\"color: #000000;\">Studenti \u0107e biti upoznati s aktualnim stanjem i dosezima ra\u010dunalne tehnologije u kineziologiji i to u sljede\u0107im podru\u010djima: biomehanika i analiza pokreta, ra\u010dunalno potpomognuto motori\u010dko u\u010denje, sportski simulatori, multimedija u sportu, edukaciji i rekreaciji, informati\u010dka tehnologija u dijagnostici i treniranosti sporta\u0161a, kreiranje mjernih instrumenata kori\u0161tenjem informati\u010dke tehnologije, pronala\u017eenje, pristup i razmjena informacija u sportu, edukaciji i rekreaciji, CyberSport.<\/span><\/p>\n<hr \/>\n<h2><span style=\"color: #000000;\">Uvjeti za upis predmeta i ulazne kompetencije koje su potrebne za predmet <\/span><\/h2>\n<p><span style=\"color: #000000;\">Bazi\u010dno poznavanje rada na osobnom ra\u010dunalu, mre\u017enih servisa i pretra\u017eivanja informacija na internetu.<\/span><\/p>\n<hr \/>\n<h2><span style=\"color: #000000;\">Ishodi u\u010denja na razini programa kojima predmet pridonosi <\/span><\/h2>\n<p><span style=\"color: #000000;\">Poznavanje i kriti\u010dki osvrt u sagledavanju i na\u010dinima kori\u0161tenja postoje\u0107e (i dostupne) informati\u010dke tehnologije u sportu i kineziologiji.<\/span><\/p>\n<hr \/>\n<h2><span style=\"color: #000000;\">O\u010dekivani ishodi u\u010denja na razini predmeta (4-10 ishoda u\u010denja)\u00a0<\/span><\/h2>\n<p><span style=\"color: #000000;\">Studenti \u0107e mo\u0107i: prepoznati i razumjeti primjenjivost osnovnih koncepata primjene tehnologije u sportu, prezentirati prikupljene i obra\u0111ene informacije stru\u010dnom auditoriju te upotrebljavati i prezentirati materijale za e-u\u010denje.<\/span><\/p>\n<p><span style=\"color: #000000;\">Sadr\u017eaj predmeta detaljno je razra\u0111en prema satnici nastave.<\/span><\/p>\n<p><span style=\"color: #000000;\">Predavanja (svaka tema slu\u0161a se dva nastavna sata)<\/span><\/p>\n<ul>\n<li><span style=\"color: #000000;\">Informacije i informacijska tehnologija<\/span><\/li>\n<li><span style=\"color: #000000;\">Mre\u017eni servisi I<\/span><\/li>\n<li><span style=\"color: #000000;\">Mre\u017eni servisi II<\/span><\/li>\n<li><span style=\"color: #000000;\">Napredno pretra\u017eivanje informacija na mre\u017ei I<\/span><\/li>\n<li><span style=\"color: #000000;\">Napredno pretra\u017eivanje informacija na mre\u017ei II<\/span><\/li>\n<li><span style=\"color: #000000;\">Uvod u tehnologiju notacijske analize<\/span><\/li>\n<li><span style=\"color: #000000;\">Notacijska analiza I (predstavljanje sustava)<\/span><\/li>\n<li><span style=\"color: #000000;\">Notacijska analiza II (predstavljanje sustava)<\/span><\/li>\n<li><span style=\"color: #000000;\">Virtualna realnost &#8211; uvod<\/span><\/li>\n<li><span style=\"color: #000000;\">Virtualna realnost &#8211; prakti\u010dno kori\u0161tenje<\/span><\/li>\n<li><span style=\"color: #000000;\">Analiza pokreta<\/span><\/li>\n<li><span style=\"color: #000000;\">Sustavi za videoanalizu u sportu I<\/span><\/li>\n<li><span style=\"color: #000000;\">Sustavi za videoanalizu u sportu II<\/span><\/li>\n<li><span style=\"color: #000000;\">Sport i multimedija I<\/span><\/li>\n<li><span style=\"color: #000000;\">Sport i multimedija II<\/span><\/li>\n<\/ul><div class=\"pvc_clear\"><\/div><p class=\"pvc_stats all \" data-element-id=\"295\" style=\"\"><i class=\"pvc-stats-icon medium\" aria-hidden=\"true\"><svg aria-hidden=\"true\" focusable=\"false\" data-prefix=\"far\" data-icon=\"chart-bar\" role=\"img\" xmlns=\"http:\/\/www.w3.org\/2000\/svg\" viewBox=\"0 0 512 512\" class=\"svg-inline--fa fa-chart-bar fa-w-16 fa-2x\"><path fill=\"currentColor\" d=\"M396.8 352h22.4c6.4 0 12.8-6.4 12.8-12.8V108.8c0-6.4-6.4-12.8-12.8-12.8h-22.4c-6.4 0-12.8 6.4-12.8 12.8v230.4c0 6.4 6.4 12.8 12.8 12.8zm-192 0h22.4c6.4 0 12.8-6.4 12.8-12.8V140.8c0-6.4-6.4-12.8-12.8-12.8h-22.4c-6.4 0-12.8 6.4-12.8 12.8v198.4c0 6.4 6.4 12.8 12.8 12.8zm96 0h22.4c6.4 0 12.8-6.4 12.8-12.8V204.8c0-6.4-6.4-12.8-12.8-12.8h-22.4c-6.4 0-12.8 6.4-12.8 12.8v134.4c0 6.4 6.4 12.8 12.8 12.8zM496 400H48V80c0-8.84-7.16-16-16-16H16C7.16 64 0 71.16 0 80v336c0 17.67 14.33 32 32 32h464c8.84 0 16-7.16 16-16v-16c0-8.84-7.16-16-16-16zm-387.2-48h22.4c6.4 0 12.8-6.4 12.8-12.8v-70.4c0-6.4-6.4-12.8-12.8-12.8h-22.4c-6.4 0-12.8 6.4-12.8 12.8v70.4c0 6.4 6.4 12.8 12.8 12.8z\" class=\"\"><\/path><\/svg><\/i> &nbsp;9,046&nbsp;total views, &nbsp;9&nbsp;views today<\/p><div class=\"pvc_clear\"><\/div>","protected":false},"excerpt":{"rendered":"<p>Predmet u okivru kojeg se studente upoznaje sa aktualnim stanjem i dosezima ra\u010dunalne tehnologije u kineziologiji. O predmetu godina studija: 3. godina semestar: 5. semestar broj sati aktivne nastave: 30 broj ECTS bodova: 2 O nastavnicima prof. dr. sc. Dra\u017ean Dizdar, nositelj predmeta soba: 131 tel: 01\/3658-731 e-mail: drazan.dizdar@kif.hr konzultacije: [&hellip;]<\/p>\n<div class=\"pvc_clear\"><\/div>\n<p class=\"pvc_stats all \" data-element-id=\"295\" style=\"\"><i class=\"pvc-stats-icon medium\" aria-hidden=\"true\"><svg aria-hidden=\"true\" focusable=\"false\" data-prefix=\"far\" data-icon=\"chart-bar\" role=\"img\" xmlns=\"http:\/\/www.w3.org\/2000\/svg\" viewBox=\"0 0 512 512\" class=\"svg-inline--fa fa-chart-bar fa-w-16 fa-2x\"><path fill=\"currentColor\" d=\"M396.8 352h22.4c6.4 0 12.8-6.4 12.8-12.8V108.8c0-6.4-6.4-12.8-12.8-12.8h-22.4c-6.4 0-12.8 6.4-12.8 12.8v230.4c0 6.4 6.4 12.8 12.8 12.8zm-192 0h22.4c6.4 0 12.8-6.4 12.8-12.8V140.8c0-6.4-6.4-12.8-12.8-12.8h-22.4c-6.4 0-12.8 6.4-12.8 12.8v198.4c0 6.4 6.4 12.8 12.8 12.8zm96 0h22.4c6.4 0 12.8-6.4 12.8-12.8V204.8c0-6.4-6.4-12.8-12.8-12.8h-22.4c-6.4 0-12.8 6.4-12.8 12.8v134.4c0 6.4 6.4 12.8 12.8 12.8zM496 400H48V80c0-8.84-7.16-16-16-16H16C7.16 64 0 71.16 0 80v336c0 17.67 14.33 32 32 32h464c8.84 0 16-7.16 16-16v-16c0-8.84-7.16-16-16-16zm-387.2-48h22.4c6.4 0 12.8-6.4 12.8-12.8v-70.4c0-6.4-6.4-12.8-12.8-12.8h-22.4c-6.4 0-12.8 6.4-12.8 12.8v70.4c0 6.4 6.4 12.8 12.8 12.8z\" class=\"\"><\/path><\/svg><\/i> &nbsp;9,046&nbsp;total views, &nbsp;9&nbsp;views today<\/p>\n<div class=\"pvc_clear\"><\/div>\n","protected":false},"author":1,"featured_media":1017,"parent":0,"menu_order":0,"comment_status":"closed","ping_status":"closed","template":"","meta":[],"_links":{"self":[{"href":"https:\/\/km.com.hr\/index.php?rest_route=\/wp\/v2\/pages\/295"}],"collection":[{"href":"https:\/\/km.com.hr\/index.php?rest_route=\/wp\/v2\/pages"}],"about":[{"href":"https:\/\/km.com.hr\/index.php?rest_route=\/wp\/v2\/types\/page"}],"author":[{"embeddable":true,"href":"https:\/\/km.com.hr\/index.php?rest_route=\/wp\/v2\/users\/1"}],"replies":[{"embeddable":true,"href":"https:\/\/km.com.hr\/index.php?rest_route=%2Fwp%2Fv2%2Fcomments&post=295"}],"version-history":[{"count":19,"href":"https:\/\/km.com.hr\/index.php?rest_route=\/wp\/v2\/pages\/295\/revisions"}],"predecessor-version":[{"id":2718,"href":"https:\/\/km.com.hr\/index.php?rest_route=\/wp\/v2\/pages\/295\/revisions\/2718"}],"wp:featuredmedia":[{"embeddable":true,"href":"https:\/\/km.com.hr\/index.php?rest_route=\/wp\/v2\/media\/1017"}],"wp:attachment":[{"href":"https:\/\/km.com.hr\/index.php?rest_route=%2Fwp%2Fv2%2Fmedia&parent=295"}],"curies":[{"name":"wp","href":"https:\/\/api.w.org\/{rel}","templated":true}]}}