{"id":268,"date":"2018-04-08T14:21:11","date_gmt":"2018-04-08T14:21:11","guid":{"rendered":"http:\/\/km.com.hr\/?page_id=268"},"modified":"2026-02-03T08:37:36","modified_gmt":"2026-02-03T08:37:36","slug":"osnove-statistike-i-kineziometrije","status":"publish","type":"page","link":"https:\/\/km.com.hr\/?page_id=268","title":{"rendered":"Osnove statistike i kineziometrije"},"content":{"rendered":"\n<p>Predmet integrira vje\u0161tinu kori\u0161tenja statisti\u010dkih aplikacija s teorijskim znanjima iz statistike i teorije mjerenja u podru\u010dju kineziologije.<\/p>\n\n\n\n<hr class=\"wp-block-separator\"\/>\n\n\n\n<h2>Osnovni cilj predmeta<\/h2>\n\n\n\n<p>Usvojiti potrebna teorijska i prakti\u010dna znanja o osnovnim metodama za statisti\u010dku analizu podataka te o konstrukciji, primjeni i evaluaciji mjernih instrumenata u podru\u010dju kineziologije.<\/p>\n\n\n\n<hr class=\"wp-block-separator\"\/>\n\n\n\n<h2>Okvirni sadr\u017eaj predmeta<\/h2>\n\n\n\n<p><strong>Osnovne statisti\u010dke metode<\/strong>: pojam i podjela statisti\u010dkih metoda, osnovni statisti\u010dki pojmovi, postupci za ure\u0111ivanje i prikazivanje podataka, deskriptivni pokazatelji, teoretske distribucije, testiranje normalnosti distribucije, standardizacija podataka, procjena intervala pouzdanosti populacijskih parametara, korelacija, deskriptivna analiza promjena.<\/p>\n\n\n\n<p><strong>Osnove kineziometrije<\/strong>: osnovni kineziometrijski pojmovi, konstrukcija kineziolo\u0161kih mjernih instrumenata, metrijske karakteristike (pouzdanost, valjanost, homogenost, osjetljivost i objektivnost).<\/p>\n\n\n\n<hr class=\"wp-block-separator\"\/>\n\n\n\n<h2>Ustroj nastave<\/h2>\n\n\n\n<ul><li>predavanja: 30 sati<\/li><li>vje\u017ebe: 30 sati<\/li><li>ukupno nastave: 60 sati<\/li><\/ul>\n\n\n\n<hr class=\"wp-block-separator\"\/>\n\n\n\n<h2>O\u010dekivani ishodi u\u010denja<\/h2>\n\n\n\n<p>Znanja potrebna za:<\/p>\n\n\n\n<ul><li>odabir i primjenu odgovaraju\u0107ih statisti\u010dkih postupaka za opis promatranih pojava (metode deskriptivne statistike)<\/li><li>odabir i primjenu odgovaraju\u0107ih statisti\u010dkih postupaka za kondenzaciju i transformaciju podataka<\/li><li>primjenu, konstrukciju i validaciju mjernih instrumenata za procjenu kineziolo\u0161kih fenomena.<\/li><\/ul>\n\n\n\n<hr class=\"wp-block-separator\"\/>\n\n\n\n<h2>Nastavne teme<\/h2>\n\n\n\n<ul><li><span><a href=\"https:\/\/km.com.hr\/?page_id=2856\"><strong><span class=\"has-inline-color has-vivid-cyan-blue-color\">Osnovni statisti\u010dki pojmovi<\/span><\/strong><\/a><\/span><\/li><li><strong><a href=\"https:\/\/km.com.hr\/?page_id=2904\"><span class=\"has-inline-color has-vivid-cyan-blue-color\">Osnovni postupci za ure\u0111ivanje i prikazivanje podataka<\/span><\/a><\/strong><\/li><li><a href=\"https:\/\/km.com.hr\/?page_id=2915\"><span class=\"has-inline-color has-vivid-cyan-blue-color\"><strong>Deskriptivni pokazatelji<\/strong><\/span><\/a><\/li><li><a href=\"https:\/\/km.com.hr\/?page_id=2929\"><span class=\"has-inline-color has-vivid-cyan-blue-color\"><strong>Normalna distribucija<\/strong><\/span><\/a><\/li><li><a href=\"https:\/\/km.com.hr\/?page_id=2939\"><span class=\"has-inline-color has-vivid-cyan-blue-color\"><strong>Kolmogorov-Smirnov test<\/strong><\/span><\/a><\/li><li><a href=\"https:\/\/km.com.hr\/?page_id=2952\"><strong><span class=\"has-inline-color has-vivid-cyan-blue-color\">Transformacija podataka<\/span><\/strong><\/a><\/li><li><strong><a href=\"https:\/\/km.com.hr\/?page_id=3014\"><span class=\"has-inline-color has-vivid-cyan-blue-color\">Procjena aritmeti\u010dke sredine populacije<\/span><\/a><\/strong><\/li><li><a href=\"https:\/\/km.com.hr\/?page_id=3023\"><strong><span class=\"has-inline-color has-vivid-cyan-blue-color\">Korelacija<\/span><\/strong><\/a><\/li><li><a href=\"https:\/\/km.com.hr\/?page_id=2780\"><strong><span class=\"has-inline-color has-vivid-cyan-blue-color\">Deskriptivna analiza promjena<\/span><\/strong><\/a><\/li><li><a href=\"https:\/\/km.com.hr\/?page_id=3041\"><strong><span class=\"has-inline-color has-vivid-cyan-blue-color\">Osnovni kineziometrijski pojmovi<\/span><\/strong><\/a><\/li><li><a href=\"https:\/\/km.com.hr\/?page_id=3080\" data-type=\"URL\" data-id=\"https:\/\/km.com.hr\/?page_id=3080\"><strong><span class=\"has-inline-color has-vivid-cyan-blue-color\">Konstrukcija i vrste mjernih instrumenata<\/span><\/strong><\/a><\/li><li><a href=\"https:\/\/km.com.hr\/?page_id=3071\"><strong><span class=\"has-inline-color has-vivid-cyan-blue-color\">Metrijske karakteristike<\/span><\/strong><\/a><\/li><\/ul>\n\n\n\n<hr class=\"wp-block-separator\"\/>\n\n\n\n<h2>Na\u010din polaganja ispita<\/h2>\n\n\n\n<p>Pismeno i usmeno.<\/p>\n\n\n\n<hr class=\"wp-block-separator\"\/>\n\n\n\n<h2>Ispitni rokovi<\/h2>\n\n\n\n<p>Ispitini rokovi za polaganje pismenog dijela ispita:<\/p>\n\n\n\n<p>Ispitini termini za polaganje pismenog dijela ispita:<\/p>\n\n\n\n<ul><li>15. 12. 2025. 17:00<\/li><li>26. 01. 2026. 9:00<\/li><li>09. 02. 2026. 9:00<\/li><li>16. 03. 2026. 17:00<\/li><li>20. 04. 2026. 17:00<\/li><li>18. 05. 2026. 17:00<\/li><li>08. 06. 2026. 9:00<\/li><li>22. 06. 2026. 9:00<\/li><li>24. 08. 2026. 9:00<\/li><li>07. 09. 2026. 9:00<\/li><\/ul>\n\n\n\n<p>Pismeni dio ispita pola\u017ee se na Fakultetu, a usmeni dio ispita mogu\u0107e je polagati nakon polo\u017eenog pismenog dijela ispita svaki utorak od 9.00 do 10.30 sati na Fakultetu ili online putem MS Teams servisa uz prethodnu najavu mailom.<\/p>\n\n\n\n<p>Studenti koji su polo\u017eili osnove statistike na nekom drugom visokom u\u010dili\u0161tu pola\u017eu usmeni dio ispita iz osnove kineziometrije.&nbsp;<\/p>\n\n\n\n<hr class=\"wp-block-separator\"\/>\n\n\n\n<h2>Literatura<\/h2>\n\n\n\n<ul><li><a href=\"https:\/\/km.com.hr\/?page_id=1096\"><strong><span class=\"has-inline-color has-vivid-cyan-blue-color\">Dizdar, D. (2020). Osnove statistike i kineziometrije &#8211; priru\u010dnik za sportske trenere<\/span><\/strong><\/a><\/li><li>Viski\u0107-\u0160talec, N. (2010). Statistika i kineziometrija u sportu. Zagreb: Kineziolo\u0161ki fakultet<\/li><li>Viski\u0107-\u0160talec, N. (1997). Osnove statistike i kineziometrije. U: Priru\u010dnik za sportske trenere (str. 303-356). Zagreb: Fakultet za fizi\u010dku kulturu<\/li><li>Petz, B. (1997). Osnovne statisti\u010dke metode za nematemati\u010dare. Jastrebarsko: Naklada Slap<\/li><\/ul>\n\n\n\n<hr class=\"wp-block-separator\"\/>\n\n\n\n<h2>Prezentacije<\/h2>\n\n\n\n<div class=\"wp-block-file\"><object class=\"wp-block-file__embed\" data=\"https:\/\/km.com.hr\/wp-content\/uploads\/2022\/01\/Vjezbe-iz-Osnova-statistike-i-kineziometrije.pdf\" type=\"application\/pdf\" style=\"width:100%;height:600px\" aria-label=\"Embed of Vje\u017ebe iz Osnova statistike i kineziometrije.\"><\/object><a href=\"https:\/\/km.com.hr\/wp-content\/uploads\/2022\/01\/Vjezbe-iz-Osnova-statistike-i-kineziometrije.pdf\">Vje\u017ebe iz Osnova statistike i kineziometrije<\/a><a href=\"https:\/\/km.com.hr\/wp-content\/uploads\/2022\/01\/Vjezbe-iz-Osnova-statistike-i-kineziometrije.pdf\" class=\"wp-block-file__button\" download>Download<\/a><\/div>\n\n\n\n<p><\/p>\n<div class=\"pvc_clear\"><\/div><p class=\"pvc_stats all \" data-element-id=\"268\" style=\"\"><i class=\"pvc-stats-icon medium\" aria-hidden=\"true\"><svg aria-hidden=\"true\" focusable=\"false\" data-prefix=\"far\" data-icon=\"chart-bar\" role=\"img\" xmlns=\"http:\/\/www.w3.org\/2000\/svg\" viewBox=\"0 0 512 512\" class=\"svg-inline--fa fa-chart-bar fa-w-16 fa-2x\"><path fill=\"currentColor\" d=\"M396.8 352h22.4c6.4 0 12.8-6.4 12.8-12.8V108.8c0-6.4-6.4-12.8-12.8-12.8h-22.4c-6.4 0-12.8 6.4-12.8 12.8v230.4c0 6.4 6.4 12.8 12.8 12.8zm-192 0h22.4c6.4 0 12.8-6.4 12.8-12.8V140.8c0-6.4-6.4-12.8-12.8-12.8h-22.4c-6.4 0-12.8 6.4-12.8 12.8v198.4c0 6.4 6.4 12.8 12.8 12.8zm96 0h22.4c6.4 0 12.8-6.4 12.8-12.8V204.8c0-6.4-6.4-12.8-12.8-12.8h-22.4c-6.4 0-12.8 6.4-12.8 12.8v134.4c0 6.4 6.4 12.8 12.8 12.8zM496 400H48V80c0-8.84-7.16-16-16-16H16C7.16 64 0 71.16 0 80v336c0 17.67 14.33 32 32 32h464c8.84 0 16-7.16 16-16v-16c0-8.84-7.16-16-16-16zm-387.2-48h22.4c6.4 0 12.8-6.4 12.8-12.8v-70.4c0-6.4-6.4-12.8-12.8-12.8h-22.4c-6.4 0-12.8 6.4-12.8 12.8v70.4c0 6.4 6.4 12.8 12.8 12.8z\" class=\"\"><\/path><\/svg><\/i> &nbsp;20,559&nbsp;total views, &nbsp;7&nbsp;views today<\/p><div class=\"pvc_clear\"><\/div>","protected":false},"excerpt":{"rendered":"<p>Predmet integrira vje\u0161tinu kori\u0161tenja statisti\u010dkih aplikacija s teorijskim znanjima iz statistike i teorije mjerenja u podru\u010dju kineziologije. Osnovni cilj predmeta Usvojiti potrebna teorijska i prakti\u010dna znanja o osnovnim metodama za statisti\u010dku analizu podataka te o konstrukciji, primjeni i evaluaciji mjernih instrumenata u podru\u010dju kineziologije. Okvirni sadr\u017eaj predmeta Osnovne statisti\u010dke metode: [&hellip;]<\/p>\n<div class=\"pvc_clear\"><\/div>\n<p class=\"pvc_stats all \" data-element-id=\"268\" style=\"\"><i class=\"pvc-stats-icon medium\" aria-hidden=\"true\"><svg aria-hidden=\"true\" focusable=\"false\" data-prefix=\"far\" data-icon=\"chart-bar\" role=\"img\" xmlns=\"http:\/\/www.w3.org\/2000\/svg\" viewBox=\"0 0 512 512\" class=\"svg-inline--fa fa-chart-bar fa-w-16 fa-2x\"><path fill=\"currentColor\" d=\"M396.8 352h22.4c6.4 0 12.8-6.4 12.8-12.8V108.8c0-6.4-6.4-12.8-12.8-12.8h-22.4c-6.4 0-12.8 6.4-12.8 12.8v230.4c0 6.4 6.4 12.8 12.8 12.8zm-192 0h22.4c6.4 0 12.8-6.4 12.8-12.8V140.8c0-6.4-6.4-12.8-12.8-12.8h-22.4c-6.4 0-12.8 6.4-12.8 12.8v198.4c0 6.4 6.4 12.8 12.8 12.8zm96 0h22.4c6.4 0 12.8-6.4 12.8-12.8V204.8c0-6.4-6.4-12.8-12.8-12.8h-22.4c-6.4 0-12.8 6.4-12.8 12.8v134.4c0 6.4 6.4 12.8 12.8 12.8zM496 400H48V80c0-8.84-7.16-16-16-16H16C7.16 64 0 71.16 0 80v336c0 17.67 14.33 32 32 32h464c8.84 0 16-7.16 16-16v-16c0-8.84-7.16-16-16-16zm-387.2-48h22.4c6.4 0 12.8-6.4 12.8-12.8v-70.4c0-6.4-6.4-12.8-12.8-12.8h-22.4c-6.4 0-12.8 6.4-12.8 12.8v70.4c0 6.4 6.4 12.8 12.8 12.8z\" class=\"\"><\/path><\/svg><\/i> &nbsp;20,559&nbsp;total views, &nbsp;7&nbsp;views today<\/p>\n<div class=\"pvc_clear\"><\/div>\n","protected":false},"author":1,"featured_media":1020,"parent":0,"menu_order":0,"comment_status":"closed","ping_status":"closed","template":"","meta":[],"_links":{"self":[{"href":"https:\/\/km.com.hr\/index.php?rest_route=\/wp\/v2\/pages\/268"}],"collection":[{"href":"https:\/\/km.com.hr\/index.php?rest_route=\/wp\/v2\/pages"}],"about":[{"href":"https:\/\/km.com.hr\/index.php?rest_route=\/wp\/v2\/types\/page"}],"author":[{"embeddable":true,"href":"https:\/\/km.com.hr\/index.php?rest_route=\/wp\/v2\/users\/1"}],"replies":[{"embeddable":true,"href":"https:\/\/km.com.hr\/index.php?rest_route=%2Fwp%2Fv2%2Fcomments&post=268"}],"version-history":[{"count":102,"href":"https:\/\/km.com.hr\/index.php?rest_route=\/wp\/v2\/pages\/268\/revisions"}],"predecessor-version":[{"id":3377,"href":"https:\/\/km.com.hr\/index.php?rest_route=\/wp\/v2\/pages\/268\/revisions\/3377"}],"wp:featuredmedia":[{"embeddable":true,"href":"https:\/\/km.com.hr\/index.php?rest_route=\/wp\/v2\/media\/1020"}],"wp:attachment":[{"href":"https:\/\/km.com.hr\/index.php?rest_route=%2Fwp%2Fv2%2Fmedia&parent=268"}],"curies":[{"name":"wp","href":"https:\/\/api.w.org\/{rel}","templated":true}]}}