{"id":1094,"date":"2020-04-02T21:10:54","date_gmt":"2020-04-02T21:10:54","guid":{"rendered":"http:\/\/km.com.hr\/?page_id=1094"},"modified":"2020-05-19T16:18:33","modified_gmt":"2020-05-19T16:18:33","slug":"prirucnik-za-kvantitativne-metode-2","status":"publish","type":"page","link":"https:\/\/km.com.hr\/?page_id=1094","title":{"rendered":"Priru\u010dnik za kvantitativne metode"},"content":{"rendered":"<figure id=\"attachment_1392\" aria-describedby=\"caption-attachment-1392\" style=\"width: 300px\" class=\"wp-caption alignleft\"><a href=\"https:\/\/km.com.hr\/wp-content\/uploads\/2020\/04\/Priru%C4%8Dnik-za-Kvantitativne-metode.pdf\" target=\"_blank\" rel=\"noopener noreferrer\"><img loading=\"lazy\" class=\"wp-image-1392\" src=\"https:\/\/km.com.hr\/wp-content\/uploads\/2020\/04\/Priru\u010dnik-KM.jpg\" alt=\"\" width=\"300\" height=\"423\" \/><\/a><figcaption id=\"caption-attachment-1392\" class=\"wp-caption-text\">Klikni na sliku!<\/figcaption><\/figure>\n<p>Ovaj nastavni priru\u010dnik namijenjen je prvenstveno studentima Kineziolo\u0161kog fakulteta Sveu\u010dili\u0161ta u Zagrebu za pripremu ispita iz predmeta <em>Kvantitativne metode<\/em>.<\/p>\n<p>Osnovna namjena priru\u010dnika je da studentima olak\u0161a pra\u0107enje vje\u017ebi iz predmeta Kvantitativne metode te svladavanje nastavnog gradiva potrebnog za uspje\u0161no polaganje pismenog dijela ispita, \u0161to je i odredilo njegov sadr\u017eaj i opseg.<\/p>\n<p>Priru\u010dnik ima 20 poglavlja koja se sustavno obra\u0111uju u okviru vje\u017ebi.<\/p>\n<p>Na uvodnoj stranici svakog poglavlja prikazan je sadr\u017eaj, odnosno popis pojmova i postupaka koje je potrebno usvojiti za uspje\u0161no polaganje odgovaraju\u0107e nastavne cjeline.<\/p>\n<p>U nastavku su sa\u017eeto i pregledno predstavljene teorijske osnove pojedinih statisti\u010dkih metoda s primjerima njihove primjene.<\/p>\n<p>Osim toga, u okviru svakog poglavlja nalaze se zadaci za vje\u017ebu te su opisani postupci izra\u010dunavanja zadanih statisti\u010dkih i kineziometrijskih parametara putem ra\u010dunalnih programa <em>Microsoft Excel<\/em> i <em>STATISTICA<\/em>.<\/p>\n<p>U nastavku poglavlja navedena je literatura potrebna za potpunije razumijevanje prethodno obra\u0111ene cjeline.<\/p>\n<p>Na kraju svakog poglavlja nalaze se pitanja i zadaci s ponu\u0111enim odgovorima, a koja su svojom formom i sadr\u017eajem sli\u010dna pitanjima i zadacima na pismenom dijelu ispita.<\/p>\n<p>Nadamo se da \u0107e vam priru\u010dnik pomo\u0107i da lak\u0161e i bolje svladate program predmeta Kvantitativne metode te da usvojena znanja prenesete tamo gdje su najpotrebnija \u2013 u kineziolo\u0161ku praksu.<\/p>\n<div class=\"pvc_clear\"><\/div>\n<p class=\"pvc_stats all \" data-element-id=\"1094\" style=\"\"><i class=\"pvc-stats-icon medium\" aria-hidden=\"true\"><svg aria-hidden=\"true\" focusable=\"false\" data-prefix=\"far\" data-icon=\"chart-bar\" role=\"img\" xmlns=\"http:\/\/www.w3.org\/2000\/svg\" viewBox=\"0 0 512 512\" class=\"svg-inline--fa fa-chart-bar fa-w-16 fa-2x\"><path fill=\"currentColor\" d=\"M396.8 352h22.4c6.4 0 12.8-6.4 12.8-12.8V108.8c0-6.4-6.4-12.8-12.8-12.8h-22.4c-6.4 0-12.8 6.4-12.8 12.8v230.4c0 6.4 6.4 12.8 12.8 12.8zm-192 0h22.4c6.4 0 12.8-6.4 12.8-12.8V140.8c0-6.4-6.4-12.8-12.8-12.8h-22.4c-6.4 0-12.8 6.4-12.8 12.8v198.4c0 6.4 6.4 12.8 12.8 12.8zm96 0h22.4c6.4 0 12.8-6.4 12.8-12.8V204.8c0-6.4-6.4-12.8-12.8-12.8h-22.4c-6.4 0-12.8 6.4-12.8 12.8v134.4c0 6.4 6.4 12.8 12.8 12.8zM496 400H48V80c0-8.84-7.16-16-16-16H16C7.16 64 0 71.16 0 80v336c0 17.67 14.33 32 32 32h464c8.84 0 16-7.16 16-16v-16c0-8.84-7.16-16-16-16zm-387.2-48h22.4c6.4 0 12.8-6.4 12.8-12.8v-70.4c0-6.4-6.4-12.8-12.8-12.8h-22.4c-6.4 0-12.8 6.4-12.8 12.8v70.4c0 6.4 6.4 12.8 12.8 12.8z\" class=\"\"><\/path><\/svg><\/i> &nbsp;9,178&nbsp;total views, &nbsp;9&nbsp;views today<\/p>\n<div class=\"pvc_clear\"><\/div>\n","protected":false},"excerpt":{"rendered":"<p>Ovaj nastavni priru\u010dnik namijenjen je prvenstveno studentima Kineziolo\u0161kog fakulteta Sveu\u010dili\u0161ta u Zagrebu za pripremu ispita iz predmeta Kvantitativne metode. Osnovna namjena priru\u010dnika je da studentima olak\u0161a pra\u0107enje vje\u017ebi iz predmeta Kvantitativne metode te svladavanje nastavnog gradiva potrebnog za uspje\u0161no polaganje pismenog dijela ispita, \u0161to je i odredilo njegov sadr\u017eaj i [&hellip;]<\/p>\n<div class=\"pvc_clear\"><\/div>\n<p class=\"pvc_stats all \" data-element-id=\"1094\" style=\"\"><i class=\"pvc-stats-icon medium\" aria-hidden=\"true\"><svg aria-hidden=\"true\" focusable=\"false\" data-prefix=\"far\" data-icon=\"chart-bar\" role=\"img\" xmlns=\"http:\/\/www.w3.org\/2000\/svg\" viewBox=\"0 0 512 512\" class=\"svg-inline--fa fa-chart-bar fa-w-16 fa-2x\"><path fill=\"currentColor\" d=\"M396.8 352h22.4c6.4 0 12.8-6.4 12.8-12.8V108.8c0-6.4-6.4-12.8-12.8-12.8h-22.4c-6.4 0-12.8 6.4-12.8 12.8v230.4c0 6.4 6.4 12.8 12.8 12.8zm-192 0h22.4c6.4 0 12.8-6.4 12.8-12.8V140.8c0-6.4-6.4-12.8-12.8-12.8h-22.4c-6.4 0-12.8 6.4-12.8 12.8v198.4c0 6.4 6.4 12.8 12.8 12.8zm96 0h22.4c6.4 0 12.8-6.4 12.8-12.8V204.8c0-6.4-6.4-12.8-12.8-12.8h-22.4c-6.4 0-12.8 6.4-12.8 12.8v134.4c0 6.4 6.4 12.8 12.8 12.8zM496 400H48V80c0-8.84-7.16-16-16-16H16C7.16 64 0 71.16 0 80v336c0 17.67 14.33 32 32 32h464c8.84 0 16-7.16 16-16v-16c0-8.84-7.16-16-16-16zm-387.2-48h22.4c6.4 0 12.8-6.4 12.8-12.8v-70.4c0-6.4-6.4-12.8-12.8-12.8h-22.4c-6.4 0-12.8 6.4-12.8 12.8v70.4c0 6.4 6.4 12.8 12.8 12.8z\" class=\"\"><\/path><\/svg><\/i> &nbsp;9,178&nbsp;total views, &nbsp;9&nbsp;views today<\/p>\n<div class=\"pvc_clear\"><\/div>\n","protected":false},"author":1,"featured_media":1903,"parent":0,"menu_order":0,"comment_status":"closed","ping_status":"closed","template":"","meta":[],"_links":{"self":[{"href":"https:\/\/km.com.hr\/index.php?rest_route=\/wp\/v2\/pages\/1094"}],"collection":[{"href":"https:\/\/km.com.hr\/index.php?rest_route=\/wp\/v2\/pages"}],"about":[{"href":"https:\/\/km.com.hr\/index.php?rest_route=\/wp\/v2\/types\/page"}],"author":[{"embeddable":true,"href":"https:\/\/km.com.hr\/index.php?rest_route=\/wp\/v2\/users\/1"}],"replies":[{"embeddable":true,"href":"https:\/\/km.com.hr\/index.php?rest_route=%2Fwp%2Fv2%2Fcomments&post=1094"}],"version-history":[{"count":27,"href":"https:\/\/km.com.hr\/index.php?rest_route=\/wp\/v2\/pages\/1094\/revisions"}],"predecessor-version":[{"id":2725,"href":"https:\/\/km.com.hr\/index.php?rest_route=\/wp\/v2\/pages\/1094\/revisions\/2725"}],"wp:featuredmedia":[{"embeddable":true,"href":"https:\/\/km.com.hr\/index.php?rest_route=\/wp\/v2\/media\/1903"}],"wp:attachment":[{"href":"https:\/\/km.com.hr\/index.php?rest_route=%2Fwp%2Fv2%2Fmedia&parent=1094"}],"curies":[{"name":"wp","href":"https:\/\/api.w.org\/{rel}","templated":true}]}}